 + 5 = 1. Let d(o) = -o**2 - 6*o - 3. Give d(s).
5
Let a(n) = -n**3 + 4 + 18*n - 12 + 22*n + n**2 - 41*n. What is a(0)?
-8
Let s(r) = -5*r - 2. Let l(d) = -6*d - 3 + 15*d + 6. Let f(g) = 6*l(g) + 11*s(g). What is f(-3)?
-1
Let m(g) = -g**2 - 4*g + 2. Let i be m(-5). Let s(k) be the second derivative of k**3/3 + 2*k**2 - 9*k. What is s(i)?
-2
Suppose 0 = 4*o + 2*w + 3*w + 3, 3*o + 3*w = 0. Let p(z) = 3*z**2 + 1 - z**2 - 3*z**2 - z**o. Let s(n) = n**3 + 3*n**2 + 2*n + 1. Let q be s(-2). Give p(q).
-1
Suppose -w - w = 0. Let z(u) = 1 - u + w*u - 3*u. Give z(-1).
5
Suppose 4*y - 3*y = 0. Let p(z) = -z**2 + 12*z - 1. Let w(b) = -b**2 + 10*b - 1. Let a(d) = -5*p(d) + 6*w(d). What is a(y)?
-1
Suppose -12 + 8 = -t. Let x(j) = -j**2 + 4*j - 4. Determine x(t).
-4
Let a be (1/(-4))/((-12)/48). Let n(q) = -7*q. Determine n(a).
-7
Let l(i) be the second derivative of i**4/4 - i**3/3 + i**2/2 - 6*i. Give l(2).
9
Let o = -18 - -14. Let q(w) = w**2 + 3*w - 1. Determine q(o).
3
Suppose 15 = -3*o + 2*o - 3*b, 0 = -5*b - 20. Let t(m) = -m + 2. Calculate t(o).
5
Let b(n) = -n + 5. Let x be b(-3). Suppose -10 = -3*k + x*k + 5*d, 8 = 5*k - 4*d. Let v(y) = -5 + y**3 - y**2 + 0*y**2 + 0. Determine v(k).
-5
Let u(k) = -k**2 + 5*k - 2. Let n(s) = 3*s - 2. Let t be (6/12)/(2/8). Let p be n(t). Give u(p).
2
Let n = 5 - 1. Suppose 2*b - 10 = -2*m, -m + n*m - 18 = -4*b. Suppose -m*x + 12 = x. Let z(p) = p**2 - p - 5. Calculate z(x).
7
Let p(j) be the second derivative of j**4/12 - j**3/3 + 3*j**2/2 + 22*j. Determine p(2).
3
Let k(m) = -10*m**3 + m**2 - m - 1. Suppose -5*w - 80 = -30. Let s be (-4)/(-8)*w + 4. Determine k(s).
11
Let r(k) = -k**3 - 5*k**2 - 3*k + 3. Let y be -6 + 3 - 12/1. Let o be 51/y - (-4)/10. Give r(o).
-6
Let y be 2/(-9) - 4797/(-81). Let o(h) = 2*h + 60 - 12*h**2 - 2*h - y. What is o(-1)?
-11
Let p(m) = 3*m - 2. Let b(f) = -2*f + 1. Let o(q) = -5*b(q) - 3*p(q). Let u(l) = 10*l + 4. Let k(j) = -5*o(j) + u(j). What is k(2)?
9
Let v be ((-1)/2)/(3/(-18)). Let t(f) = -13*f**3 + 25*f**3 - 11*f**v - f. Calculate t(2).
6
Let d(z) = 7 - z - 5 + 7 - 2. Let c(k) = -k - 3. Let v be c(-10). Calculate d(v).
0
Suppose 0 = 2*w - 4*w - 2. Let m be (-1 - 0)/(3/(-87)). Let k(l) = -34 - m + 6*l + 64. Give k(w).
-5
Let k = 66 - 65. Let z(l) = 3*l - 1. What is z(k)?
2
Let f(s) be the first derivative of -s**2/2 - 9*s - 12. Let w(n) = -n**2 + n. Let u be w(0). Calculate f(u).
-9
Let a = 104 - 207/2. Let h(u) be the first derivative of -a*u**2 + 0*u - 1. What is h(1)?
-1
Let d(q) = -4*q**2 - 3*q - 6. Let m(k) = -5*k**2 - 3*k - 7. Let w(v) = 6*d(v) - 5*m(v). Calculate w(4).
3
Let m(h) be the second derivative of h**4/12 - 4*h**3/3 + h**2/2 + 56*h. Calculate m(7).
-6
Let j(u) = 6*u**3 - 1. Let m(c) = 2*c + 1. Let t be m(2). Suppose 0*s - 4*s + 24 = -t*l, -2 = 2*s + l. Calculate j(s).
5
Let s(u) = -9 - 3*u + 2 + 4*u + 6. Calculate s(0).
-1
Let b(w) be the second derivative of 4*w**3/3 + 3*w**2/2 + 16*w. Determine b(-2).
-13
Let k(l) = -l + 15. Let o be k(14). Let b(f) = 6*f**3. What is b(o)?
6
Let c(l) = -l**3 - 3*l**2 + 2*l - 1. Let v(i) = -i**3 - 3*i**2 + 2*i. Let k(g) = -3*c(g) + 2*v(g). Suppose q = 4*q + 3. Let d be -3*((-3)/(-9) - q). Give k(d).
-5
Let u(c) = -c + 19. Let n be u(13). Let o(a) = -3*a + 8. Calculate o(n).
-10
Let q = 5 + -10. Let r(y) be the second derivative of -y**3/6 - y**2 - 14*y. Calculate r(q).
3
Let v(h) = -h**2 + 3*h. Let q(k) be the third derivative of k**4/24 - k**2. Let y be q(4). Suppose y*m = -m + 20. Give v(m).
-4
Let r(p) = 3*p - 17. Let x(o) = o - 8. Let b(w) = 2*r(w) - 5*x(w). Let n be ((-15)/(-2))/((-4)/(-8)). Let j be 4/(-10) - (-6)/n. What is b(j)?
6
Let c(n) = -n**2 - 3*n + 1. Suppose -5*u = -3*u + 6. Give c(u).
1
Let d = 8 + -6. Let p(m) = -m + m**2 + 0 + 0*m**d - 2*m - 3. Let s(f) = f**3 - 5*f**2 + f - 2. Let k be s(5). Determine p(k).
-3
Let q(t) = -7*t + 4. Let j(r) = -15*r + 7. Let p(a) = -6*j(a) + 13*q(a). Let o be p(8). Let m(b) = b + b**o - 5*b + 0*b. What is m(5)?
5
Let s(a) be the second derivative of a**5/20 + a**4/4 - a**2 + 2*a. Calculate s(-2).
2
Let w(o) = 11*o - 28. Let x(r) = -5*r + 13. Let g(j) = -6*w(j) - 13*x(j). Calculate g(-6).
5
Let n(h) = -h - 10 + 41 - 18 + 2*h**2 - 14. What is n(2)?
5
Suppose 0 = 2*a - 1 - 3. Let t(b) = -2*b + a - 2*b - 2 + 1. Give t(-1).
5
Suppose 9 = c + 4*m, 2*c + 3*m = -m + 10. Let v(i) = 4*i**2 - 2*i**2 + c + 0*i**2. Give v(1).
3
Let o = 9 + -7. Suppose -12 = 3*a, -o*a + 0*a - 12 = l. Let s(z) = -z**3 - 4*z**2 - 2*z - 2. Determine s(l).
6
Let q(z) = -9*z**3 + 8*z**2 - 5*z - 19. Let c(i) = -5*i**3 + 4*i**2 - 2*i - 10. Let w(a) = 11*c(a) - 6*q(a). Let x be (2/4)/(2/(-20)). What is w(x)?
-11
Let t = 1981/312 + -82/13. Let l(i) be the third derivative of 1/3*i**3 - t*i**4 + 0 + 0*i + 2*i**2. Calculate l(0).
2
Let b(g) = g - 1. Suppose 2*w - 7*l = -4*l + 2, 4*l = 2*w. Calculate b(w).
3
Let c(b) be the first derivative of b**4/4 + 7*b**3/3 + 5*b**2/2 - 5*b + 1. What is c(-6)?
1
Suppose -5*q - b + 9 = -4*b, q - b - 1 = 0. Suppose -q*o - 15 = -0*o. Let l(n) = 7*n + 13. Let r(u) = 10*u + 19. Let w(y) = 7*l(y) - 5*r(y). Give w(o).
1
Let j(m) = 2*m + 1. Let b be -3*6/27*3. Let n be (-5)/((-15)/18) - b. Suppose -4*g - n = -0*g. Determine j(g).
-3
Let v(t) = -2*t**3 + 1. Suppose 14*m = 12*m - 28. Let p = m + 13. Give v(p).
3
Let f(s) be the second derivative of -3*s + 1/2*s**2 - s**3 + 0. What is f(-1)?
7
Let s = -57 - -61. Let g(l) = -l**2 + 5. Calculate g(s).
-11
Let t(d) = 11 - 4*d**3 + 0*d + 3*d - 2*d - 20*d**2 + 8*d**2. Let o(n) = -n**3 - n**2 - n + 1. Let z(w) = -5*o(w) + t(w). Give z(6).
6
Let l(m) = 15*m**2 + 19*m - 17. Let w(t) = 7*t**2 + 9*t - 8. Let f(n) = -6*l(n) + 13*w(n). Suppose -4 - 2 = -3*q. What is f(q)?
8
Let t(r) = -r - 13 + 17 - 5. Let y = 0 + 1. Let f be (2 + -1 + -3)*y. Give t(f).
1
Let y(a) = -5 + a + 0 - 5 + 2. Determine y(0).
-8
Let u(x) = 3 - 4*x + x**2 - 1 + 5*x. Let j be (2 - 21/9) + 10/(-6). What is u(j)?
4
Let w(y) = -y**2. Let k(v) = -5*v**2 + v - 3. Let u(s) = -k(s) + 4*w(s). What is u(3)?
9
Let w(g) = 9*g**2 - 5*g + 3. Let b(o) = -5*o**2 + 3*o - 2. Let j be (2 + -1)*(2 + 3). Let n(x) = j*b(x) + 3*w(x). Calculate n(-2).
7
Let g be 2/8 - 14/56. Let y(p) = -p**3 - p**2 + p - 3. Determine y(g).
-3
Let b(t) = t**2 + 7*t + 12. Let c be b(-5). Let d(r) = -8 + 14*r**c + r - r**3 - 14*r**2. What is d(0)?
-8
Let h(y) be the third derivative of y**5/60 - y**4/4 + 5*y**3/6 + 18*y**2. What is h(6)?
5
Let h(j) = -j**3 + 4*j**2 - 2*j + 2. Let f be (14 + 2)/4 + -3. Let r = f + 1. Give h(r).
6
Let t(c) = c**3 + 6*c**2 + 4*c - 3. Let r be t(-5). Let q(z) = -r*z + 0*z + 2*z - z. Give q(4).
-4
Let j = 9 + -22. Let a = j - -9. Let s(l) = -3*l - 4. Let z(w) = 2*w + 3. Let d(p) = -4*s(p) - 5*z(p). Calculate d(a).
-7
Let x(r) = -5 + 0*r**2 + 12 - 6*r**2 + 6*r + r**3. Give x(5).
12
Suppose 0 = q - 2*p + 1 + 7, -4*p = -16. Let d(l) = l + 6 - 4*l + q. Suppose 0*s + 20 = 5*s. Give d(s).
-6
Suppose 0 - 1 = 4*z + 3*u, -u + 17 = -3*z. Let w(v) = -v - 2. Give w(z).
2
Let r(p) = 3*p**2 + 3 + p - 2*p**2 + 5*p. Let d = 8 + -12. Determine r(d).
-5
Suppose 4*v + 4*v + 24 = 0. Let y(n) = -15*n**2 + 7*n + 11. Let o(x) = 7*x**2 - 3*x - 5. Let t(d) = -13*o(d) - 6*y(d). Determine t(v).
-1
Let s(v) = 2*v**2 + 7*v + 4. Suppose y = -0*y - 4. Give s(y).
8
Let j(l) = -l**2 + 7*l - 1. Let u(t) = 5*t**2 + t. Let b be u(1). Give j(b).
5
Let m(o) = -o**3 + o**2 - o + 10. Let p be 0/(1 + -2 + -1). Determine m(p).
10
Let k(w) = -2 - 4 + w**2 + 6 + 3*w**3. Let b(o) = o - 1. Let v(i) = -i - 6. Let h be v(-8). Let n be b(h). Calculate k(n).
4
Let z(d) = d**3 + 8*d**2 - 8*d + 7. Let l be z(-9). Let y(r) be the third derivative of -r**5/20 - r**4/6 - r**3/3 - r**2. Determine y(l).
-6
Let m(z) be the second derivative of z**4/12 - z**3/6 + 11*z**2/2 + 15*z. Give m(0).
11
Let d(m) = -4*m**2 - m. Let n(x) = x - 8. Let h be n(9). Let s be 6/(-5) - h/(-5). Determine d(s).
-3
Suppose 0 = -6*t + 3*t. Let q(w) = 3*w + t*w + 2 + 0. Let c(b) = -b**3 - 7*b**2 - 7*b - 9. Let i be c(-6). Give q(i).
-7
Let k(w) = 3 - 2*w + w**2 + 0*w + 4*w. Determine k(3).
18
Let k(m) = -2*m + 3. Let z be (-87)/12 - ((-1)/4 - 0). Give k(z).
17
Let h be (-5)/((-100)/(-24))*5. Let i(l) = 2*l + 6. Calculate i(h).
-6
Let w(y) = -3*y - 8. Let k(c) = -6*c -